est common factor of 68 and b?
17
Suppose 48 = -246*t + 240*t. Let z(d) = 2*d**2 + 15*d + 37. Let m be z(t). Suppose f - 18 = -f. What is the greatest common factor of m and f?
9
Let k = 44 + 14. What is the highest common divisor of 667 and k?
29
Suppose 347 = 5*w - 43. Let s be (-92)/3*(-78)/(-26). Let u = 118 + s. Calculate the greatest common divisor of u and w.
26
Suppose -3*v - 433 = -2*b, -2*b + 448 = -12*v + 14*v. What is the greatest common factor of 51 and b?
17
Suppose 0 = 710*d - 709*d - 458 - 1286. Calculate the highest common factor of d and 208.
16
Let h = 1906 - 1801. Calculate the greatest common factor of h and 120.
15
Let s(f) = f**2 + 20*f + 5. Suppose -3*y + 85 = 9*k - 14*k, -5*y - 125 = 5*k. Let z be s(k). What is the greatest common factor of 15 and z?
5
Let w be -2*9/(-12)*(-1 + 19). Suppose w*f = 44*f - 204. Let v = 28 - -2. Calculate the highest common factor of f and v.
6
Let f be 39076 - (-16 + (25 - 11)). Calculate the greatest common divisor of 234 and f.
234
Let a(i) = -i**3 + 6*i**2 + 7*i + 21. Let n be a(7). Calculate the greatest common divisor of 308 and n.
7
Let w = -814 + 835. What is the highest common divisor of w and 574?
7
Let b be ((-9)/2)/(-9)*(6863 + -3). What is the highest common divisor of b and 40?
10
Suppose 0 = 7*x - 5*x + 5*i - 343, -4*i = -3*x + 572. What is the highest common divisor of x and 23?
23
Suppose -2*f + 231 = 5*m, 2*f - 4*f = m - 251. Let h = -123 + f. Let n = 203 - h. Calculate the highest common divisor of 18 and n.
18
Let t = 343 - -845. What is the greatest common divisor of 924 and t?
132
Suppose 2*o + 5 = q + 3*o, 4*o = 4. Let i be (30 + -2)*4/q. Let v(n) = -25*n - 11. Let m be v(-1). Calculate the greatest common divisor of m and i.
14
Let g(o) = 2*o**3 + 19*o**2 + 9*o + 18. Let r be (0 - 1)/(4 - 105/27). Let p be g(r). Let c = 12 + p. Calculate the greatest common factor of c and 18.
6
Let s be 17 - (-8 + 12 + (1 - 1)). Let y(j) = -j + 14. Let n be y(s). What is the highest common factor of 2 and n?
1
Let u = 140 + -65. Let s = 132 - u. Let h = -55 + s. What is the highest common divisor of h and 8?
2
Let r be 8/(-20) - (-1143)/45. What is the highest common divisor of r and 40?
5
Suppose 2462 + 5424 = 99*x - 2806. Calculate the highest common divisor of x and 6.
6
Let a(x) = 4*x**2 + 18*x + 8. Let o be a(20). Let i be o/28 + (-9)/7 + 1. Suppose 38*b - 33*b - i = 0. What is the greatest common divisor of 21 and b?
7
Let f = 7012 + -6068. What is the highest common divisor of 16 and f?
16
Suppose -5*m + 378 = 2*u, -m = -3*u - 1772 + 2322. What is the greatest common divisor of u and 598?
46
Let b(y) = 3*y**3 + 29*y**2 + 6*y + 66. Let u be b(-7). What is the greatest common divisor of u and 544?
32
Suppose 5*z = -y + 45, -7*z + y - 15 = -9*z. Calculate the highest common divisor of z and 164.
2
Let r = -40 - -25. Let y(w) = -w**3 - 15*w**2 + w + 14. Let f be y(r). Let u be (-7 + (2/1 - f))*-4. Calculate the greatest common divisor of u and 128.
16
Suppose 214*v = 197*v + 119. Suppose u + 96 = v*u. Suppose -h = -3*h + 3*y + 132, 3*h - 232 = -4*y. Calculate the greatest common factor of u and h.
8
Let n be -1 + -1 + 1 + 3. Let o be 9438/169 - n/(-13). Suppose 3*h - 3*m = -0*m + 33, m = -4*h + 59. Calculate the highest common divisor of o and h.
14
Let b be ((-6)/3 + -2)*-4. Let j = 922 + -618. What is the highest common factor of b and j?
16
Let a be 3/12 - (-540)/16. Suppose 0 = -14*h + 8 + a. Calculate the greatest common factor of 21 and h.
3
Let n(d) = d**2 - d - 26. Let q = -489 + 497. Let x be n(q). Calculate the greatest common factor of x and 42.
6
Suppose -33*p + 25937 + 21319 = 0. Calculate the highest common factor of 4117 and p.
179
Suppose -27*h + 30*h = 12. Let c = 38 - 38. Suppose v - h*v = -6, 5*w + v - 112 = c. Calculate the highest common divisor of w and 2.
2
Suppose -5*b + 2*z + 0*z + 69 = 0, 5*z = -b + 3. Suppose -378 - 342 = -4*o. Let g = o + -115. Calculate the highest common divisor of b and g.
13
Suppose -6*b = 4*b + 10. Let q(y) = 6*y**2 - 2*y. Let z be q(b). What is the greatest common factor of 128 and z?
8
Let n(j) = j**3 + 13*j**2 + 21*j + 7. Let a be n(-11). Let v be 15/((-39)/a - -3). What is the highest common divisor of v and 30?
6
Let g(n) = n**3 - 32*n**2 - 3*n + 98. Let w be g(32). Let j be 13/39*-36*(w - 3). What is the highest common divisor of j and 20?
4
Let c(i) = -5*i**2 - 100*i - 41. Let h be c(-17). Suppose 0 = -h*w + 221*w - 63. What is the greatest common factor of w and 9?
9
Let k be (-45356)/(-18) + 6/(-108)*-4. Let g be (24/14)/((-10)/(-1*k)). Calculate the greatest common factor of g and 16.
16
Let b be (-20 + 21)/(1/24). Suppose 3*t - 4 = a, 3*t - 3*a - 2*a - 20 = 0. Suppose -2*g + t*g = -b. What is the greatest common factor of 3 and g?
3
Let l be 10038/(-35) - (-1)/(-5). Let w = l + 297. Calculate the greatest common factor of w and 205.
5
Suppose -3 = -9*z + 15. Let l be (4 - z)*1 - (-208)/26. Calculate the highest common factor of 5 and l.
5
Suppose 0 = -5*z + 4*q + 24, 2*z - 15*q + 11*q = 12. Suppose 8*b - u - 87 = z*b, -93 = -4*b - 5*u. What is the highest common divisor of b and 22?
22
Let s be 205/82*8/(-10). Let c be 6*s/(-8)*26. Suppose 0 = 5*t - 235 - 350. Calculate the highest common factor of t and c.
39
Let w = 19 - -58. Let l(o) = o**2 + 9*o + 16. Let j be l(-7). Suppose 0 = -c - c + 3*z + 8, 4 = j*c - 5*z. What is the greatest common divisor of c and w?
7
Suppose 0 = 22*h - 1665 - 557. Let v be 4/(-10) + (-646)/10. Let w = h + v. Calculate the highest common factor of 9 and w.
9
Let t(f) = -f**2 - 10*f. Let n be t(-9). Let m(r) = 4*r + 39. Let s be m(-9). Suppose -s*u = -6*u + 243. What is the greatest common divisor of u and n?
9
Suppose 31 = h + v - 105, -2*h = -2*v - 272. What is the highest common divisor of h and 1258?
34
Suppose 127*d - 3177 = 4443. Let c be 1*-2 + (-68)/(-4). Calculate the greatest common divisor of c and d.
15
Let u(x) = 5*x**2 + 110*x + 280. Let o be u(35). What is the greatest common divisor of 7 and o?
7
Suppose 0 = -4*k - 5*r + 650, 4*k - 7*k + 472 = -4*r. Calculate the highest common factor of k and 5920.
160
Let k(x) = -x**2 + 2*x + 15. Let z be k(5). Suppose z = -2*d - 3*s + 132, 2*s = 7*s. What is the highest common divisor of 44 and d?
22
Let t = 288 - 294. Let z be t*2/(-6)*1134/12. Suppose -4*g + 96 = 3*d, g + 4*g - 4*d - 89 = 0. What is the greatest common divisor of g and z?
21
Let r(b) = 5*b - 166. Let z be r(34). Let i be (-46)/(-6) - 9/(-54)*2. Calculate the highest common divisor of z and i.
4
Suppose 2*x - 5*i + 2856 - 10628 = 0, 7*i = -42. What is the highest common factor of 196 and x?
49
Let d = 236 + -192. Suppose y = 49 + d. Calculate the greatest common divisor of y and 310.
31
Let x be (-20 - 4)*(4 - (-330)/(-9)). What is the highest common factor of x and 49?
49
Suppose -562*h - 29988 = -1990*h. Let o = 925 - 316. Calculate the highest common factor of h and o.
21
Suppose 78 = 5*r - 0*r + 3*j, -3*r + 5*j = -40. Let f be (-1)/(1 - (-124)/(-120)). Let u = f - r. Calculate the highest common factor of 135 and u.
15
Let i = -89 + -8. Let r = -122 - i. Let p be ((-130)/r)/((-2)/(-5)). What is the highest common divisor of p and 13?
13
Suppose -4*a + 988 = -0*n - 4*n, 0 = n - 5. What is the highest common divisor of 1116 and a?
36
Let s = -62 - -64. Suppose 4*q = -b + 30, 0 = -b + s*q - 7*q + 25. Calculate the greatest common divisor of 250 and b.
50
Suppose -4*g + 18 = -b + 1, 1 = -3*b + 2*g. Suppose b*z - 47 = -4*p, z - 2*p - 20 = p. What is the greatest common factor of 68 and z?
17
Let c(d) = 23*d**3 + d**2 - 1. Let i be c(1). Let k = 283 - 289. Let j be (-2)/(8/(-20)) - (k + -81). Calculate the greatest common factor of i and j.
23
Suppose -a - 71 = -3*d, -102*d - 5*a = -101*d - 45. What is the highest common factor of d and 3345?
5
Let b(w) = -89*w - 64*w + 283 + 104*w. Let m be b(4). Calculate the greatest common factor of m and 3.
3
Let w(x) = 262*x + 16. Let v be w(2). Let r(s) = -5*s - 10. Let d be r(-14). Calculate the greatest common factor of d and v.
60
Let a = 2669 - 2655. Let f be 405 + (6/2)/3. Calculate the greatest common factor of f and a.
14
Let l = 59 - -6. Suppose -2*m + 350 - 118 = -3*i, 5*i = 5*m - 560. Calculate the greatest common fac